{"id":6,"date":"2016-05-11T08:22:24","date_gmt":"2016-05-11T08:22:24","guid":{"rendered":"https:\/\/sliafastighetsservice.com\/?page_id=6"},"modified":"2025-05-07T07:31:41","modified_gmt":"2025-05-07T06:31:41","slug":"hem","status":"publish","type":"page","link":"https:\/\/sliafastighetsservice.com\/","title":{"rendered":"Hem"},"content":{"rendered":"[vc_row][vc_column width=&#8221;1\/3&#8243;][vc_single_image image=&#8221;200&#8243; img_size=&#8221;full&#8221; alignment=&#8221;center&#8221; css=&#8221;.vc_custom_1638957847934{margin-bottom: 0px !important;}&#8221;][vc_column_text css=&#8221;.vc_custom_1638956758919{margin-top: -42px !important;padding-bottom: 20px !important;background-color: #000000 !important;}&#8221;]\n<h5 style=\"text-align: center; padding-top: 20px;\"><span style=\"color: #ffffff;\">St\u00e4dning<\/span><\/h5>\n[\/vc_column_text][\/vc_column][vc_column width=&#8221;1\/3&#8243;][vc_single_image image=&#8221;209&#8243; img_size=&#8221;full&#8221; alignment=&#8221;center&#8221; css=&#8221;.vc_custom_1674459423289{margin-bottom: 0px !important;}&#8221;][vc_column_text css=&#8221;.vc_custom_1638956773224{margin-top: -42px !important;padding-bottom: 20px !important;background-color: #000000 !important;}&#8221;]\n<h5 style=\"text-align: center; padding-top: 20px;\"><span style=\"color: #ffffff;\">Bygg &amp; Snickeri<\/span><\/h5>\n[\/vc_column_text][\/vc_column][vc_column width=&#8221;1\/3&#8243;][vc_single_image image=&#8221;195&#8243; img_size=&#8221;full&#8221; alignment=&#8221;center&#8221; css=&#8221;.vc_custom_1638957699076{margin-bottom: 0px !important;}&#8221;][vc_column_text css=&#8221;.vc_custom_1638956794044{margin-top: -42px !important;padding-bottom: 20px !important;background-color: #000000 !important;}&#8221;]\n<h5 style=\"text-align: center; padding-top: 20px;\"><span style=\"color: #ffffff;\">Fiskeguidening<\/span><\/h5>\n[\/vc_column_text][\/vc_column][\/vc_row][vc_row el_id=&#8221;om-oss&#8221; css=&#8221;.vc_custom_1636619696259{margin-top: 30px !important;margin-bottom: 20px !important;}&#8221;][vc_column][vc_column_text]\n<h3 style=\"text-align: center;\">Om Oss<\/h3>\n<p>&nbsp;<\/p>\n<p style=\"text-align: center; color: #000000; font-size: 15pt;\">Slia Fastighetsservice AB \u00e4r ett komplett byggf\u00f6retag som utf\u00f6r alla vanligt f\u00f6rekommande byggarbeten vid byggnation, snickeri, renoveringar och tillbyggnader. F\u00f6retaget utf\u00f6r \u00e4ven st\u00e4dning och guidade fisketurer med eller utan skoterskjuts inklusive lunch. Vi hj\u00e4lper privatpersoner, fastighets\u00e4gare, bostadsr\u00e4ttsf\u00f6reningar och f\u00f6retag i hela S\u00e4len och Dalarna med omnejd. Inget jobb \u00e4r f\u00f6r litet eller stort f\u00f6r oss. V\u00e4lkommen att kontakta oss idag p\u00e5 0702-87 66 78 eller 0733-52 95 77!<\/p>\n[\/vc_column_text][\/vc_column][\/vc_row][vc_row full_width=&#8221;stretch_row&#8221; css=&#8221;.vc_custom_1638956912049{margin-bottom: -35px !important;background-color: #000000 !important;}&#8221; el_id=&#8221;tjanster&#8221;][vc_column][vc_column_text]\n<h3 style=\"text-align: center;\"><span style=\"color: #ffffff;\">V\u00e5ra Tj\u00e4nster<\/span><\/h3>\n<p>&nbsp;<\/p>\n<p style=\"text-align: center; color: #ffffff; font-size: 15pt;\">F\u00f6retaget har genom v\u00e4l utf\u00f6rda arbeten, tydlig kommunikation och servicek\u00e4nsla utvecklat verksamheten. Vi jobbar idag med \u00e5terkommande kunder och via rekommendation. V\u00e4lkommen att kontakta oss redan idag!<\/p>\n[\/vc_column_text][vc_row_inner css=&#8221;.vc_custom_1636618066558{margin-bottom: 30px !important;}&#8221;][vc_column_inner width=&#8221;1\/4&#8243;][vc_column_text][\/vc_column_text][\/vc_column_inner][vc_column_inner width=&#8221;1\/2&#8243;][vc_column_text]\n<ul style=\"font-size: 15pt; color: white;\">\n<li style=\"text-align: left;\">St\u00e4d<\/li>\n<li style=\"text-align: left;\">Bygg &amp; Snickeri<\/li>\n<li style=\"text-align: left;\">Halvtimmerarbeten<\/li>\n<li style=\"text-align: left;\">Sn\u00f6skottning<\/li>\n<li style=\"text-align: left;\">Sk\u00f6tsel av gr\u00e4stak<\/li>\n<li style=\"text-align: left;\">Sandning<\/li>\n<li style=\"text-align: left;\">R\u00f6jning av sly<\/li>\n<li style=\"text-align: left;\">Tillsyn av hus<\/li>\n<li style=\"text-align: left;\">Fiskeguidning med eller utan skoterskjuts och lunch<\/li>\n<li style=\"text-align: left;\">Takrenovering<\/li>\n<\/ul>\n<p style=\"text-align: left;\">[\/vc_column_text][\/vc_column_inner][\/vc_row_inner][\/vc_column][\/vc_row][vc_row el_id=&#8221;priser&#8221; css=&#8221;.vc_custom_1699633359772{margin-top: 30px !important;margin-bottom: 20px !important;}&#8221;][vc_column][vc_column_text]\n<p style=\"text-align: center; color: #000000; font-size: 18pt;\">Priserna g\u00e4ller ett hus\/l\u00e4genhet med 1 k\u00f6k och 2 badrum (dusch\/bastu). Enbart handfat och WC-stol r\u00e4knas inte som extra badrum. Alla priser \u00e4r exkl. moms och innan RUT-avdrag.<\/p>\n<p>&nbsp;<\/p>\n<p style=\"text-align: center;\">Priser f\u00f6r avresest\u00e4d g\u00e4ller fr. o. m. 1\/5-2025, och fr\u00e5n 2\/5 &#8211; 19\/6 samt hela September och Oktober kommer vi erbjuda <span style=\"color: #ff0000;\">10% rabatt<\/span> p\u00e5 avresest\u00e4d.<\/p>\n[\/vc_column_text][vc_row_inner][vc_column_inner width=&#8221;1\/2&#8243;][vc_column_text]\n<p style=\"color: #000000; font-size: 13pt;\">Avresest\u00e4d 0-40 kvm: 1050:-<br \/>\nAvresest\u00e4d 41-60 kvm. 1470:-<br \/>\nAvresest\u00e4d 61-80 kvm: 1785:-<br \/>\nAvresest\u00e4d 81-100 kvm: 2100:-<br \/>\nAvresest\u00e4d 101-120 kvm: 2625:-<br \/>\nAvresest\u00e4d 121-140 kvm: 3045:-<br \/>\nAvresest\u00e4d 141-170 kvm: 3465:-<br \/>\nAvresest\u00e4d 171-200 kvm: 3885:-<br \/>\nAvresest\u00e4d 201-240 kvm: 4200:-<\/p>\n<p>&nbsp;<\/p>\n<p style=\"color: #000000; font-size: 13pt;\">Extra badrum: + 350:-<br \/>\nExtra k\u00f6k: + 400:-<br \/>\nJacuzzi: 250:-<br \/>\nOm det funnits husdjur i boendet: + 350:-<br \/>\nKvarl\u00e4mnade sopor och disk: 450:-<\/p>\n[\/vc_column_text][\/vc_column_inner][vc_column_inner width=&#8221;1\/2&#8243;][vc_column_text]\n<p style=\"color: #000000; font-size: 13pt;\">Storst\u00e4d: 65:-\/kvm<\/p>\n<p style=\"color: #000000; font-size: 13pt;\">Flyttst\u00e4d (om\u00f6blerat) 65:-\/kvm<\/p>\n<p style=\"color: #000000; font-size: 13pt;\">Flyttst\u00e4d m\u00f6blerat 70:-\/kvm<br \/>\nByggst\u00e4d: 63:-\/kvm<br \/>\nEnbart f\u00f6nsterputs: 650:-\/h<\/p>\n<p>&nbsp;<\/p>\n<p style=\"color: #000000; font-size: 13pt;\">Sn\u00f6skottning tak, g\u00e5ngv\u00e4g, altan: pris enligt \u00f6verenskommelse.<br \/>\nTrimning och r\u00f6jning av gr\u00e4s och sly p\u00e5 mark eller tak: pris enligt \u00f6verenskommelse.<\/p>\n<p>&nbsp;<\/p>\n<p style=\"color: #000000; font-size: 13pt;\">Milers\u00e4ttning utg\u00e5r med 6:-\/km.<\/p>\n<p>&nbsp;<\/p>\n<p style=\"color: #000000; font-size: 13pt;\">Vid vistelse l\u00e4ngre \u00e4n 8 dagar till och med 20 dagar l\u00e4ggs det p\u00e5 en avgift motsvarande ett halvt avresest\u00e4d.<\/p>\n<p>&nbsp;[\/vc_column_text][\/vc_column_inner][\/vc_row_inner][\/vc_column][\/vc_row][vc_row full_width=&#8221;stretch_row_content_no_spaces&#8221; css=&#8221;.vc_custom_1638957872556{margin-top: 0px !important;margin-bottom: 0px !important;padding-top: 0px !important;padding-bottom: 0px !important;background-color: #000000 !important;}&#8221;][vc_column width=&#8221;1\/5&#8243; css=&#8221;.vc_custom_1638957877440{margin-top: 0px !important;margin-bottom: 0px !important;}&#8221;][vc_single_image image=&#8221;217&#8243; img_size=&#8221;full&#8221;][\/vc_column][vc_column width=&#8221;1\/5&#8243; css=&#8221;.vc_custom_1638957881539{margin-top: 0px !important;margin-bottom: 0px !important;}&#8221;][vc_single_image image=&#8221;193&#8243; img_size=&#8221;full&#8221;][\/vc_column][vc_column width=&#8221;1\/5&#8243; css=&#8221;.vc_custom_1638957886044{margin-top: 0px !important;margin-bottom: 0px !important;}&#8221;][vc_single_image image=&#8221;194&#8243; img_size=&#8221;full&#8221;][\/vc_column][vc_column width=&#8221;1\/5&#8243; css=&#8221;.vc_custom_1638957889952{margin-top: 0px !important;margin-bottom: 0px !important;}&#8221;][vc_single_image image=&#8221;195&#8243; img_size=&#8221;full&#8221;][\/vc_column][vc_column width=&#8221;1\/5&#8243; css=&#8221;.vc_custom_1638957894311{margin-top: 0px !important;margin-bottom: 0px !important;}&#8221;][vc_single_image image=&#8221;218&#8243; img_size=&#8221;full&#8221;][\/vc_column][\/vc_row][vc_row full_width=&#8221;stretch_row&#8221; css=&#8221;.vc_custom_1638957046875{margin-top: -38px !important;margin-bottom: -50px !important;background-color: #000000 !important;}&#8221; el_id=&#8221;kontakt&#8221;][vc_column][vc_column_text]\n<h3 style=\"text-align: center;\"><span style=\"color: #ffffff;\">Kontakt<\/span><\/h3>\n[\/vc_column_text][vc_row_inner][vc_column_inner width=&#8221;1\/2&#8243;][vc_column_text css=&#8221;.vc_custom_1638957484776{padding-left: 25px !important;}&#8221;]<span style=\"font-size: 18pt; color: white;\"><strong>Marie-Louise Nyberg<\/strong><\/span><br \/>\n<span style=\"font-size: 15pt; color: white;\">Projektledare<br \/>\nTelefon: 0702-87 66 78<br \/>\nEmail: info@sliafastighetsservice.com<\/span>[\/vc_column_text][\/vc_column_inner][vc_column_inner width=&#8221;1\/2&#8243;][vc_column_text css=&#8221;.vc_custom_1719928381886{padding-left: 25px !important;}&#8221;]<span style=\"font-size: 18pt; color: white;\"><strong>Svante Larsson<\/strong><\/span><br \/>\n<span style=\"font-size: 15pt; color: white;\">Projektledare<br \/>\nTelefon: 0733-52 95 77<br \/>\nEmail: info@sliafastighetsservice.com<\/span>[\/vc_column_text][\/vc_column_inner][\/vc_row_inner][vc_row_inner][vc_column_inner width=&#8221;1\/2&#8243;][vc_column_text]<iframe loading=\"lazy\" style=\"border: 0;\" src=\"https:\/\/www.google.com\/maps\/embed?pb=!1m18!1m12!1m3!1d493276.94079965446!2d13.054552363600596!3d61.122074129272065!2m3!1f0!2f0!3f0!3m2!1i1024!2i768!4f13.1!3m3!1m2!1s0x46685288621af14f%3A0xf9b79a9c6537fc7f!2sGUDMUNDS%C3%84TRA%2013%2C%20780%2067%20S%C3%A4len!5e0!3m2!1ssv!2sse!4v1638957366655!5m2!1ssv!2sse\" width=\"100%\" height=\"490\" frameborder=\"0\" allowfullscreen=\"allowfullscreen\"><\/iframe>[\/vc_column_text][\/vc_column_inner][vc_column_inner width=&#8221;1\/2&#8243;][vc_column_text css=&#8221;.vc_custom_1702537672396{padding-left: 25px !important;}&#8221;]<span style=\"font-size: 18pt; color: white;\"><strong>Slia Fastighetsservice AB<\/strong><\/span><br \/>\n<span style=\"font-size: 15pt; color: white;\">Adress: Gamla Fj\u00e4llv\u00e4gen 2<br \/>\n78067 S\u00e4len<br \/>\nDalarnas l\u00e4n<\/span>[\/vc_column_text]<div role=\"form\" class=\"wpcf7\" id=\"wpcf7-f58-o1\" lang=\"en-US\" dir=\"ltr\">\n<div class=\"screen-reader-response\"><p role=\"status\" aria-live=\"polite\" aria-atomic=\"true\"><\/p> <ul><\/ul><\/div>\n<form action=\"\/index.php?rest_route=%2Fwp%2Fv2%2Fpages%2F6#wpcf7-f58-o1\" method=\"post\" class=\"wpcf7-form init\" novalidate=\"novalidate\" data-status=\"init\">\n<div style=\"display: none;\">\n<input type=\"hidden\" name=\"_wpcf7\" value=\"58\" \/>\n<input type=\"hidden\" name=\"_wpcf7_version\" value=\"5.5.2\" \/>\n<input type=\"hidden\" name=\"_wpcf7_locale\" value=\"en_US\" \/>\n<input type=\"hidden\" name=\"_wpcf7_unit_tag\" value=\"wpcf7-f58-o1\" \/>\n<input type=\"hidden\" name=\"_wpcf7_container_post\" value=\"0\" \/>\n<input type=\"hidden\" name=\"_wpcf7_posted_data_hash\" value=\"\" \/>\n<input type=\"hidden\" name=\"_wpcf7_recaptcha_response\" value=\"\" \/>\n<\/div>\n<p><span class=\"wpcf7-form-control-wrap your-name\"><input type=\"text\" name=\"your-name\" value=\"\" size=\"40\" class=\"wpcf7-form-control wpcf7-text wpcf7-validates-as-required\" aria-required=\"true\" aria-invalid=\"false\" placeholder=\"Namn*\" \/><\/span><\/p>\n<p><span class=\"wpcf7-form-control-wrap your-phone\"><input type=\"text\" name=\"your-phone\" value=\"\" size=\"40\" class=\"wpcf7-form-control wpcf7-text wpcf7-validates-as-required\" aria-required=\"true\" aria-invalid=\"false\" placeholder=\"Telefon\" \/><\/span> <\/p>\n<p><span class=\"wpcf7-form-control-wrap your-email\"><input type=\"email\" name=\"your-email\" value=\"\" size=\"40\" class=\"wpcf7-form-control wpcf7-text wpcf7-email wpcf7-validates-as-required wpcf7-validates-as-email\" aria-required=\"true\" aria-invalid=\"false\" placeholder=\"Epost*\" \/><\/span> <\/p>\n<p><span class=\"wpcf7-form-control-wrap your-adress\"><input type=\"text\" name=\"your-adress\" value=\"\" size=\"40\" class=\"wpcf7-form-control wpcf7-text wpcf7-validates-as-required\" aria-required=\"true\" aria-invalid=\"false\" placeholder=\"Fastighetsadress + Ort*\" \/><\/span><\/p>\n<p><span class=\"wpcf7-form-control-wrap your-message\"><textarea name=\"your-message\" cols=\"40\" rows=\"10\" class=\"wpcf7-form-control wpcf7-textarea\" aria-invalid=\"false\" placeholder=\"Beskriv ert behov, f\u00f6ruts\u00e4ttningar, m2 &amp; adress\"><\/textarea><\/span> <\/p>\n<p><input type=\"submit\" value=\"Skicka\" class=\"wpcf7-form-control has-spinner wpcf7-submit\" \/><\/p>\n<div class=\"wpcf7-response-output\" aria-hidden=\"true\"><\/div><\/form><\/div>[\/vc_column_inner][\/vc_row_inner][vc_row_inner content_placement=&#8221;middle&#8221; css=&#8221;.vc_custom_1636619646664{margin-top: 30px !important;}&#8221;][vc_column_inner width=&#8221;1\/3&#8243;][vc_single_image image=&#8221;197&#8243; img_size=&#8221;medium&#8221; alignment=&#8221;center&#8221; css=&#8221;.vc_custom_1638957543421{margin-right: 60px !important;margin-left: 60px !important;}&#8221;][\/vc_column_inner][vc_column_inner width=&#8221;1\/3&#8243;][vc_single_image image=&#8221;198&#8243; alignment=&#8221;center&#8221;][\/vc_column_inner][vc_column_inner width=&#8221;1\/3&#8243;][vc_single_image image=&#8221;199&#8243; img_size=&#8221;medium&#8221; alignment=&#8221;center&#8221; css=&#8221;.vc_custom_1638957627175{margin-right: 50px !important;margin-left: 50px !important;}&#8221;][\/vc_column_inner][\/vc_row_inner][\/vc_column][\/vc_row]\n","protected":false},"excerpt":{"rendered":"<p>[vc_row][vc_column width=&#8221;1\/3&#8243;][vc_single_image image=&#8221;200&#8243; img_size=&#8221;full&#8221; alignment=&#8221;center&#8221; css=&#8221;.vc_custom_1638957847934{margin-bottom: 0px !important;}&#8221;][vc_column_text css=&#8221;.vc_custom_1638956758919{margin-top: -42px !important;padding-bottom: 20px !important;background-color: #000000 !important;}&#8221;] St\u00e4dning [\/vc_column_text][\/vc_column][vc_column width=&#8221;1\/3&#8243;][vc_single_image image=&#8221;209&#8243; img_size=&#8221;full&#8221; alignment=&#8221;center&#8221; css=&#8221;.vc_custom_1674459423289{margin-bottom: 0px !important;}&#8221;][vc_column_text css=&#8221;.vc_custom_1638956773224{margin-top: -42px !important;padding-bottom: 20px !important;background-color: #000000 !important;}&#8221;] Bygg &amp; Snickeri [\/vc_column_text][\/vc_column][vc_column width=&#8221;1\/3&#8243;][vc_single_image image=&#8221;195&#8243; img_size=&#8221;full&#8221; alignment=&#8221;center&#8221; css=&#8221;.vc_custom_1638957699076{margin-bottom: 0px !important;}&#8221;][vc_column_text css=&#8221;.vc_custom_1638956794044{margin-top: -42px !important;padding-bottom: 20px !important;background-color: #000000 !important;}&#8221;] Fiskeguidening [\/vc_column_text][\/vc_column][\/vc_row][vc_row el_id=&#8221;om-oss&#8221; css=&#8221;.vc_custom_1636619696259{margin-top: 30px !important;margin-bottom: 20px !important;}&#8221;][vc_column][vc_column_text] Om Oss &nbsp; &#8230;<\/p>\n","protected":false},"author":1,"featured_media":0,"parent":0,"menu_order":0,"comment_status":"closed","ping_status":"closed","template":"","meta":[],"aioseo_notices":[],"_links":{"self":[{"href":"https:\/\/sliafastighetsservice.com\/index.php?rest_route=\/wp\/v2\/pages\/6"}],"collection":[{"href":"https:\/\/sliafastighetsservice.com\/index.php?rest_route=\/wp\/v2\/pages"}],"about":[{"href":"https:\/\/sliafastighetsservice.com\/index.php?rest_route=\/wp\/v2\/types\/page"}],"author":[{"embeddable":true,"href":"https:\/\/sliafastighetsservice.com\/index.php?rest_route=\/wp\/v2\/users\/1"}],"replies":[{"embeddable":true,"href":"https:\/\/sliafastighetsservice.com\/index.php?rest_route=%2Fwp%2Fv2%2Fcomments&post=6"}],"version-history":[{"count":20,"href":"https:\/\/sliafastighetsservice.com\/index.php?rest_route=\/wp\/v2\/pages\/6\/revisions"}],"predecessor-version":[{"id":242,"href":"https:\/\/sliafastighetsservice.com\/index.php?rest_route=\/wp\/v2\/pages\/6\/revisions\/242"}],"wp:attachment":[{"href":"https:\/\/sliafastighetsservice.com\/index.php?rest_route=%2Fwp%2Fv2%2Fmedia&parent=6"}],"curies":[{"name":"wp","href":"https:\/\/api.w.org\/{rel}","templated":true}]}}